luate -1 - ((-3 - -3) + (19 - (-29 - -18))).
-31
64 + -61 - (-1 - (-17 + (-2 - (2 - 2))))
-15
What is 86 - (73 + 75 + -143)?
81
Calculate 38 - (59 + (80 - 46 - 47)).
-8
4 + -1 - -14 - (464 - 466)
19
0 - -22 - (23 - -4 - (93 + -58))
30
What is 9 + (10 - -10 - 35) + -29?
-35
2 + -45 - (20 - (19 + 2)) - -4
-38
Calculate 15 + (1 - 38 - (-161 + 178)).
-39
-17 + -4 + 4 + 0 + (-10 + 22 - 0)
-5
What is -49 + -22 - (1 + -8 + (3 + -6 - -8))?
-69
166 + -78 + 24 - 221
-109
Calculate (-14 + 69 - 137) + 111.
29
-141 + 135 + (-42 - (-10 + 2))
-40
-3 + 1 + -3 - (302 + -314 - (-1 - -26))
32
Evaluate 11 - -3 - ((23 - 28) + 4) - (1 + 9).
5
What is the value of 11 + 27 + -13 + 1 + (1 - 12)?
15
(19 + -24 - -12) + 73
80
2 + 3 + -17 + 54
42
Calculate 15 - (16 - (3 + 20) - -11).
11
(-6 - -145 - 161 - (-14 + -1)) + (-1 - -57)
49
What is (8 - (-5 - -10)) + -9 + -1 + 230 + -244?
-21
Calculate 98 + -97 + (48 - -1 - (-5 - -11 - 8)).
52
-1 + (5 - 1 - (-7 - -10))
0
Evaluate (26 - (-1 + -1)) + (-730 - -724) + 2.
24
Calculate 42 - (-14 - (55 + -137)).
-26
Evaluate -46 + 0 + 2 + (33 - 12) + -38.
-61
-1 + 5 + -2 + 13 + -53 + 43
5
-3198 + 3090 - ((-5 - 1) + (6 - 2))
-106
Evaluate (-10 - (4 - 7)) + 18 + -117 + 142.
36
Evaluate -8 - 2 - (-39 + -76 + 4 + -2).
103
What is (0 - 90) + 208 + -165?
-47
Evaluate -987 + 961 + -1 + 20 + (0 - -46).
39
What is the value of 1 + 10 + -3 + (50 - 91) + 53?
20
Evaluate 1 + (-21 - 4) + -1 + (-35 - -3 - -40).
-17
Calculate 29 - (6 + 40 - 23).
6
-1 + (0 + 1 - 0) + (-156 - -63) + 113
20
(-4 - 1) + -4 - (-20 - -11) - (98 - 23)
-75
Evaluate -100 + -1 + -15730 + 15926.
95
What is the value of 50 - (48 + (12 - 59))?
49
Calculate -69 - 3 - (-141 - -233 - 110).
-54
What is the value of (39 - 33) + 60 + -3 - (6 + 8)?
49
What is 22 + (3 - (0 - -7)) + -192 + 186 + -95?
-83
Calculate -225 + 237 + (1 - 22) + (93 - -3).
87
Calculate 7 + (2 - (-14 - -3)) + -79 + -5.
-64
What is the value of -10 - (-3 - -3) - (7 - (29 + 7))?
19
What is (9 - ((15 - 16) + 15)) + 53 + 8?
56
What is the value of -1 + -16 + (-18 - (-1 + 11 + 2 + -25))?
-22
(7447 - 7440) + (10 + 1 - -2) - 43
-23
19 + 19 + -40 - (-1 - -1 - (2 + 2))
2
What is the value of 69 + (-19 - 80) - (43 - -2)?
-75
What is 21 - (6 - 31) - (-1 + 20 + -5)?
32
Calculate -14 - 2 - 5 - (4 - (-3 + 5) - 13).
-10
What is 2 - -19 - (-3 - (43 - 48))?
19
12 - (5 - 2) - (-17 + 0 + -9) - -4
39
(-6 - (10 - -3 - -16)) + -11
-46
Evaluate -21 - (2 - 39 - (-120 - -105)).
1
What is the value of (0 - -1 - (472 + -478 + 2 + 2)) + -35?
-32
12 + (21 - 10) - (16 + -2)
9
Calculate -13 - -11 - ((10 - 7 - (-2 + -2)) + 17).
-26
Calculate (1 - -10) + (-256 - -229).
-16
Calculate 46 - (74 + -50) - 76.
-54
Evaluate 13 - -5 - 9 - (-4 + 8 + -16 + 11).
10
Evaluate (24 - (18 + -12 + 29)) + -8.
-19
Evaluate 33 - (76 - (-1 + 7)) - ((1 - 1) + 12).
-49
Evaluate (112 - 97) + -27 + -5.
-17
Calculate 1 - 0 - (2561 + -2606 - (-2 - (2 - 19))).
61
(7750 - 7692) + (3 - 42)
19
Calculate (-4 - (20 + -14)) + -7 + 3 + 8.
-6
What is -104 + -72 + -36 + 109?
-103
-10 + 12 + (12 - -39 - 13 - 0) + 14
54
Evaluate -5 + -145 + 49 - -19.
-82
What is the value of 3 + (-11 - -3 - (8 + -6 - 18) - 6)?
5
What is -12 + (43 + 2 + 0 - (57 + -54))?
30
Evaluate -27 + (5 + -3 - -1 - -9).
-15
Evaluate (-10 - -58) + -57 + 5 + 1.
-3
What is the value of (-11 + 10 - (20 - 4)) + 5 - 17?
-29
What is (786 - 771) + (5 + 3 - -18)?
41
-48 - 22 - (30 - 22) - -19
-59
What is 6 - 1 - (-37 - 24 - -51)?
15
Calculate 18 + -3 + 155 + -170 + (87 - (2 - 4)).
89
Calculate -15 - (24 + -29) - ((-17 - 0) + 1) - -5.
11
Calculate -34 + (60 - -39) - 36.
29
What is the value of -23 - (-21 + 19 + -18 + -1)?
-2
7 + -9 - (-64 - 11) - ((7 - -3) + -1)
64
What is 10 + -2 + (-27 - -18) + (7 - -24)?
30
((-1 - -3) + -11 - (-5 - 9 - 7)) + -4
8
What is 98 - ((17 - 31) + 16 + (-7 - (-3 - -7)))?
107
Calculate (-42 - -88) + -15 - 23 - 65.
-57
Evaluate 3 - (-1 - (-82 - (6 - 19 - (1 - 2)))).
-66
-36 - (1 + 11 + 384 + -417)
-15
Evaluate -64 + -3 + -7 + 10 + (19 - 41 - -34).
-52
(29 - 32) + -22 + 1 + (94 - 102)
-32
-122 + 1 + 4592 + -4553
-82
Evaluate (57 - (132 + -92)) + 89.
106
What is 9249 + -9174 - (-3 + 124)?
-46
0 - -4 - (-27 + (14 - (-79 + 18)))
-44
What is (1 + (11 - (-10 + 25)) - -11) + 6 + 2?
16
Evaluate (-17 - -19) + -3 + 50 + -26.
23
What is the value of 0 - 5 - (6 + 16) - 22?
-49
What is the value of (3 + 0 - 4) + 180 + -186 + 13?
6
What is the value of 54 + (59 - (-53 - -227))?
-61
Evaluate (1 - -112) + 5022 + -5074.
61
What is (2535 - 2508) + (0 - -40)?
67
What is the value of -136 + 143 - (-2 - -67 - (4 - (-2 - -9)))?
-61
What is the value of (1 + -1 - (2 + (4 - -2))) + 558 + -553?
-3
What is the value of -11 + 1 - (-28 + (-30 - 36) - -19)?
65
What is -29 - (29 + -73) - (6 + -2 + -13 + 2)?
22
Calculate (-4 - -9) + -7 - (-156 - -172).
-18
Evaluate -390 - -409 - (4 + -35 + -1).
51
Calculate 3 + -1 + (52 - 27) + -1.
26
What is -7 - (-62 + -9) - ((7 - -7) + -7)?
57
What is the value of -66 + 57 + 0 + 1 + 4 + (0 - 30)?
-34
Evaluate (-11 - (1 + 1)) + (-16 - (-53 + 0)) + -9.
15
Calculate 37 + (40 - 14) + -13 + -23 + (-2 - -5).
30
What is the value of 4 - (-5 + 1 - -1) - (-516 + 518)?
5
(-5 - -8) + (2 - (1 + -1)) - 11
-6
What is 162 + 0 - (-20745 + 20795)?
112
What is -1 - 10 - (-3 - (57 + -12))?
37
Evaluate 23 + -26 + (-15 - (-4 - 74)).
60
Calculate 0 + -83 - ((93 - 196) + 81) - 20.
-81
5 - (-3 + 1 + 4) - (28 + -16 + 13)
-22
What is 9 + (39 - 6) + -29 - (-7 - 1)?
21
Evaluate 96 + 76 + -87 + -96.
-11
-15 - (-95 - (102 + -218))
-36
-6 + ((2 + 0 - 26) + (369 - 354) - -68)
53
Evaluate (-6 - -2) + -5 + (18 - 60).
-51
-57 + 158 + (-89 - -22)
34
-56 - ((-4 - (-5 + 4)) + -7 - -15)
-61
What is (22 - 56) + 23 - (-1 + 4) - 5?
-19
What is the value of 3 - (-81 + 49 + 43)?
-8
(-100 - (-5 - (-3 + (18 - 15)))) + 6
-89
What is (-12 - -11) + 0 + 6 + (12 - (15 - -14))?
-12
What is the value of 0 - -15 - ((114 + -47 - 75) + 103)?
-80
Evaluate -74 + (-11 - (-11 - 12)) + 3 + (8 - 35).
-86
What is the value of -8 + (4 + 45 - (89 + -88))?
40
Calculate -76 + 20 + -63 - -69.
-50
(18 - -36) + -116 + 16
-46
Evaluate (1 + 3 - -15) + -4395 + 4319.
-57
Evaluate (-3 - (-33 - ((4 - 12) + 19))) + 4.
45
What is the value of -8 + 1 + 15 + -36 + 35 + (-12 - 0)?
-5
Calculate (151 + -146 - (2 - -1 - 1 - -12)) + -37.
-46
Evaluate 1125 + -1132 + (-5 - (-2 + 3)).
-13
What is the value of (0 - 4) + 11 - (25 + -3)?
-15
What is the value of 1 + -13 + 55 + (-36 - 2)?
5
What is the value of -25 + 84 + -37 + 12 - 23?
11
Calculate -55 - (13 - (43 + 13)).
-12
7 + -1 + (-38 - (-91 - (-20 + -1)))
38
Evaluate 8 + (0 + 12 - (38 - 103)).
85
Calculate -63 + 94 + -424 + 282.
-111
Evaluate -32 - (-99 - (-41 + -1) - -35).
-10
Calculate (9 - (75 - 7)) + -11 + 4 + 0 + 8.
-58
Calculate (28 + (-7 - -2) - 43) + (2 - 2).
-20
Calculate (-1 + 6 + -7 - (4 + -19 + 17)) + -5.
-9
Calculate (0 + -19 - -18) + -7 + -7 + 26.
11
What is the value of 2 - -9 - -1 - (-6 + 3 - (193 + -122))?
86
Evaluate -2 + -14 + -13 + -52 + 61 + 88.
68
What is -98 + 84 - (-1 + -14 + -24)?
25
What is the value of (1 - (-35 + -9)) + -2 + -2 - (-6 + 14)?
33
Calculate 67 + -47 - 5 - -75.
90
22 + (24 + -34 - 12)
0
-9 + -17 + (-4 - (30 - 151)) + 9 + 0
100
Calculate 58 + (96 - 283) + 78.
-51
Calculate 6 + -69 - -50 - (1 - 32).
18
What is the value of -4692 + 4656 - (0 - -1 - -22)?
-59
120 + -237 - -138 - 97
-76
Evaluate (54 - (46 + (-11 - 15))) + 21.
55
What is the value of -56 - ((32 - 60) + -8)?
-20
What is 64 + (9 - 9) + 16 + -18 + 4?
66
What is 78 + (-14 - 70) - (-2 + 3 + 23 - 2)?
-28
-289 + 369 + -19 + -4 + 4
61
Evaluate -2 + 1 + 13 + -86 + (-52 - -3).
-123
(28 - 30) + 5 + 20 + 3
26
What is the value of 1 - -3 - ((-2349 - -2313) + (-1 - 20))?
61
-67 - ((-2 - -9) + -9 + 8) - (12 - 15)
-70
Evaluate 36 + 28 + -50 + -13 + (0 - -2).
3
3 + (3 + 1 - 3) + (-565 - -633)
72
What is the value of 425 - 388 - (-2 - -22)?
17
Evaluate (-3 - 7 - -30 - 38) + -40.
-58
(-26 - -2) + 30 + -53 + 33
-14
Evaluate 152 + (-126 - 40) + (-41 - -1).
-54
Calculate -18 + (-66 - (-25 + -20)).
-39
What is (144 - 5) + (-30 - (-59 + 28)) - (0 + 8)?
132
What is the value of 115 + (48 - (131 - 14))?
46
Calculate (-997 - -1053) + -6 + (5 - 2).
53
What is (-95 - 24) + (4 - -22)?
-93
Calculate 0 + 51 + (-8681 - -8653).
23
What is the value of -23 -